{"id":9777,"date":"2022-08-17T11:26:53","date_gmt":"2022-08-17T09:26:53","guid":{"rendered":"https:\/\/www.btc-embedded.com\/events\/digital120-vollautomatisiertes-fahren-vorgaben-voraussetzungen-potenziale\/"},"modified":"2022-08-23T12:36:38","modified_gmt":"2022-08-23T10:36:38","slug":"digital120-vollautomatisiertes-fahren-vorgaben-voraussetzungen-potenziale","status":"publish","type":"events","link":"https:\/\/www.btc-embedded.com\/de\/events\/digital120-vollautomatisiertes-fahren-vorgaben-voraussetzungen-potenziale\/","title":{"rendered":"#Digital120 &#8211; Vollautomatisiertes Fahren \u2013 Vorgaben, Voraussetzungen, Potenziale"},"content":{"rendered":"\t\t<div data-elementor-type=\"wp-post\" data-elementor-id=\"9777\" class=\"elementor elementor-9777 elementor-9723\" data-elementor-post-type=\"events\">\n\t\t\t\t\t\t<section class=\"elementor-section elementor-top-section elementor-element elementor-element-3d4cfca elementor-section-boxed elementor-section-height-default elementor-section-height-default\" data-id=\"3d4cfca\" data-element_type=\"section\">\n\t\t\t\t\t\t<div class=\"elementor-container elementor-column-gap-default\">\n\t\t\t\t\t<div class=\"elementor-column elementor-col-100 elementor-top-column elementor-element elementor-element-d467f83\" data-id=\"d467f83\" data-element_type=\"column\">\n\t\t\t<div class=\"elementor-widget-wrap elementor-element-populated\">\n\t\t\t\t\t\t<div class=\"elementor-element elementor-element-ab60326 elementor-widget elementor-widget-image\" data-id=\"ab60326\" data-element_type=\"widget\" data-widget_type=\"image.default\">\n\t\t\t\t<div class=\"elementor-widget-container\">\n\t\t\t\t\t\t\t\t\t\t\t\t\t\t\t<img fetchpriority=\"high\" decoding=\"async\" width=\"800\" height=\"99\" src=\"https:\/\/www.btc-embedded.com\/wp-content\/uploads\/2022\/08\/Digital120.png\" class=\"attachment-large size-large wp-image-9759\" alt=\"\" srcset=\"https:\/\/www.btc-embedded.com\/wp-content\/uploads\/2022\/08\/Digital120.png 1574w, https:\/\/www.btc-embedded.com\/wp-content\/uploads\/2022\/08\/Digital120-768x95.png 768w, https:\/\/www.btc-embedded.com\/wp-content\/uploads\/2022\/08\/Digital120-1536x189.png 1536w\" sizes=\"(max-width: 800px) 100vw, 800px\" \/>\t\t\t\t\t\t\t\t\t\t\t\t\t\t\t<\/div>\n\t\t\t\t<\/div>\n\t\t\t\t<div class=\"elementor-element elementor-element-44a5cf5 elementor-widget elementor-widget-text-editor\" data-id=\"44a5cf5\" data-element_type=\"widget\" data-widget_type=\"text-editor.default\">\n\t\t\t\t<div class=\"elementor-widget-container\">\n\t\t\t\t\t\t\t\t\tDie Online Event Serie #Digital120 wird von der &#8222;Automotive Agentur Niedersachsen&#8220; und dem &#8222;Innovationszentrum Niedersachsen&#8220; organisiert. In dieser 5. Online-Veranstaltung der Reihe <strong>#Digital120<\/strong>\u00a0besch\u00e4ftigen sich spannende Fach- und Praxisvortr\u00e4ge mit dem vollautomatisierten Fahren.\r\n\r\n<span style=\"color: var( --e-global-color-text ); font-family: var( --e-global-typography-text-font-family ), Sans-serif; font-size: var( --e-global-typography-text-font-size ); font-style: var( --e-global-typography-text-font-style ); letter-spacing: var( --e-global-typography-text-letter-spacing ); text-transform: var( --e-global-typography-text-text-transform ); text-decoration: var( --e-global-typography-text-text-decoration ); background-color: var( --e-global-color-8c64e01 );\">In der Session &#8222;Best Practices&#8220; spricht unser Vorstand Dr. Udo Brockmeyer \u00fcber f\u00fcnf Herausforderungen auf dem Weg zur Zulassung von ADAS\/AD-Systemen.<\/span>\t\t\t\t\t\t\t\t<\/div>\n\t\t\t\t<\/div>\n\t\t\t\t<div class=\"elementor-element elementor-element-6e539d5 elementor-widget elementor-widget-text-editor\" data-id=\"6e539d5\" data-element_type=\"widget\" data-widget_type=\"text-editor.default\">\n\t\t\t\t<div class=\"elementor-widget-container\">\n\t\t\t\t\t\t\t\t\t<div class=\"uncoltable\"><div class=\"uncell no-block-padding\"><div class=\"uncont\"><div class=\"uncode_text_column\"><h1>Agenda<\/h1><p><small>Moderation: Dr. Anna Meincke, Leiterin der Automotive Agentur Niedersachsen<\/small><\/p><p><strong>Begr\u00fc\u00dfung<\/strong><br \/><em>Dr. Berend Lindner, Staatssekret\u00e4r Nieders\u00e4chsisches Ministerium f\u00fcr Wirtschaft, Arbeit, Verkehr und Digitalisierung<br \/>Dr. Thomas Schulmeyer, Vorsitzender der Gesch\u00e4ftsf\u00fchrung Innovationszentrum Niedersachsen GmbH<\/em><\/p><p><strong>Autonomes Fahren Level 4 \u2013 Der gesetzliche\/technische Rahmen<\/strong><br \/><em>Stephan Liening, Referatsleiter Bundesministerium f\u00fcr Digitalisierung und Verkehr (BMDV), Referat DK 20 \u2013 Digitalisierung in der Mobilit\u00e4t, Autonomes Fahren, Intelligente Verkehrssysteme<\/em><\/p><p><strong>Automatisiertes Fahren \u2013 Der Weg zu L4<\/strong><br \/><em>Dr. Ing Adrian Sonka, Nieders\u00e4chsisches Forschungszentrum f\u00fcr Fahrzeugtechnik (NFF)<\/em><\/p><p><strong>Reallabor Automatisiertes Fahren f\u00fcr die Digitale Stadt (Testfeld Niedersachsen)<\/strong><br \/><em>Dipl.-Ing. Lennart Asbach, Abteilungsleiter Deutsches Zentrum f\u00fcr Luft und Raumfahrt (DLR) Institut f\u00fcr Verkehrssystemtechnik<\/em><\/p><p><strong>Flankierende Netzwerkarbeit<\/strong><br \/><em>Thomas Krause, Vorstandsvorsitzender ITS Mobility e.V.<\/em><\/p><p><strong>Best Practice Beispiele zum Autonomen Fahren<\/strong><\/p><p><strong>Res\u00fcmee und Verabschiedung<\/strong><br \/><em>Dr. Anna Meincke, Leiterin der Automotive Agentur Niedersachsen<\/em><\/p><\/div><\/div><\/div><\/div>\t\t\t\t\t\t\t\t<\/div>\n\t\t\t\t<\/div>\n\t\t\t\t<div class=\"elementor-element elementor-element-ca8040e elementor-align-left elementor-widget elementor-widget-button\" data-id=\"ca8040e\" data-element_type=\"widget\" data-widget_type=\"button.default\">\n\t\t\t\t<div class=\"elementor-widget-container\">\n\t\t\t\t\t\t\t\t\t<div class=\"elementor-button-wrapper\">\n\t\t\t\t\t<a class=\"elementor-button elementor-button-link elementor-size-xs elementor-animation-sink\" href=\"https:\/\/automotive.nds.de\/digital120\/\" target=\"_blank\" rel=\"noopener\">\n\t\t\t\t\t\t<span class=\"elementor-button-content-wrapper\">\n\t\t\t\t\t\t<span class=\"elementor-button-icon\">\n\t\t\t\t<svg xmlns=\"http:\/\/www.w3.org\/2000\/svg\" xmlns:xlink=\"http:\/\/www.w3.org\/1999\/xlink\" width=\"45px\" height=\"45px\" viewBox=\"0 0 45 45\"><title>Group 6<\/title><g id=\"Page-1-Copy\" stroke=\"none\" stroke-width=\"1\" fill=\"none\" fill-rule=\"evenodd\"><g id=\"Start\" transform=\"translate(-337.000000, -964.000000)\"><g id=\"Group-6\" transform=\"translate(337.000000, 964.000000)\"><circle id=\"Oval\" fill=\"#38C99E\" cx=\"22.5\" cy=\"22.5\" r=\"22.5\"><\/circle><g id=\"next\" transform=\"translate(19.000000, 17.000000)\" fill=\"#FFFFFF\" fill-rule=\"nonzero\"><path d=\"M6.85231276,5.67070308 L0.857334624,0.135700092 C0.660916158,-0.0455414255 0.342910131,-0.0452367391 0.146820759,0.136637589 C-0.0491167226,0.318488479 -0.0486104242,0.613073328 0.147833356,0.79445547 L5.78597237,6.00002217 L0.147630837,11.2055654 C-0.0487876286,11.386971 -0.049293927,11.6813684 0.14661824,11.8632427 C0.244916075,11.9544142 0.373693074,12 0.502470073,12 C0.630917978,12 0.759188678,11.9547189 0.857309309,11.8641802 L6.85231276,6.32931783 C6.94691461,6.24217753 7,6.12358422 7,6.00002217 C7,5.87646013 6.94676272,5.75800744 6.85231276,5.67070308 Z\" id=\"Path\"><\/path><\/g><\/g><\/g><\/g><\/svg>\t\t\t<\/span>\n\t\t\t\t\t\t\t\t\t<span class=\"elementor-button-text\">Event Webseite<\/span>\n\t\t\t\t\t<\/span>\n\t\t\t\t\t<\/a>\n\t\t\t\t<\/div>\n\t\t\t\t\t\t\t\t<\/div>\n\t\t\t\t<\/div>\n\t\t\t\t\t<\/div>\n\t\t<\/div>\n\t\t\t\t\t<\/div>\n\t\t<\/section>\n\t\t\t\t<\/div>\n\t\t","protected":false},"excerpt":{"rendered":"<p>In der Session &#8222;Best Practices&#8220; spricht unser Vorstand Dr. Udo Brockmeyer \u00fcber f\u00fcnf Herausforderungen auf dem Weg zur Zulassung von ADAS\/AD-Systemen.<\/p>\n","protected":false},"featured_media":0,"template":"elementor_theme","event_type":[98],"class_list":["post-9777","events","type-events","status-publish","hentry","event_type-workshop-de"],"acf":[],"_links":{"self":[{"href":"https:\/\/www.btc-embedded.com\/de\/wp-json\/wp\/v2\/events\/9777","targetHints":{"allow":["GET"]}}],"collection":[{"href":"https:\/\/www.btc-embedded.com\/de\/wp-json\/wp\/v2\/events"}],"about":[{"href":"https:\/\/www.btc-embedded.com\/de\/wp-json\/wp\/v2\/types\/events"}],"version-history":[{"count":0,"href":"https:\/\/www.btc-embedded.com\/de\/wp-json\/wp\/v2\/events\/9777\/revisions"}],"wp:attachment":[{"href":"https:\/\/www.btc-embedded.com\/de\/wp-json\/wp\/v2\/media?parent=9777"}],"wp:term":[{"taxonomy":"event_type","embeddable":true,"href":"https:\/\/www.btc-embedded.com\/de\/wp-json\/wp\/v2\/event_type?post=9777"}],"curies":[{"name":"wp","href":"https:\/\/api.w.org\/{rel}","templated":true}]}}

<div data-elementor-type="wp-post" data-elementor-id="9777" class="elementor elementor-9777 elementor-9723" data-elementor-post-type="events">
						<section class="elementor-section elementor-top-section elementor-element elementor-element-3d4cfca elementor-section-boxed elementor-section-height-default elementor-section-height-default" data-id="3d4cfca" data-element_type="section">
						<div class="elementor-container elementor-column-gap-default">
					<div class="elementor-column elementor-col-100 elementor-top-column elementor-element elementor-element-d467f83" data-id="d467f83" data-element_type="column">
			<div class="elementor-widget-wrap elementor-element-populated">
						<div class="elementor-element elementor-element-ab60326 elementor-widget elementor-widget-image" data-id="ab60326" data-element_type="widget" data-widget_type="image.default">
				<div class="elementor-widget-container">
															<img fetchpriority="high" decoding="async" width="800" height="99" src="https://www.btc-embedded.com/wp-content/uploads/2022/08/Digital120.png" class="attachment-large size-large wp-image-9759" alt="" srcset="https://www.btc-embedded.com/wp-content/uploads/2022/08/Digital120.png 1574w, https://www.btc-embedded.com/wp-content/uploads/2022/08/Digital120-768x95.png 768w, https://www.btc-embedded.com/wp-content/uploads/2022/08/Digital120-1536x189.png 1536w" sizes="(max-width: 800px) 100vw, 800px" />															</div>
				</div>
				<div class="elementor-element elementor-element-44a5cf5 elementor-widget elementor-widget-text-editor" data-id="44a5cf5" data-element_type="widget" data-widget_type="text-editor.default">
				<div class="elementor-widget-container">
									Die Online Event Serie #Digital120 wird von der &#8222;Automotive Agentur Niedersachsen&#8220; und dem &#8222;Innovationszentrum Niedersachsen&#8220; organisiert. In dieser 5. Online-Veranstaltung der Reihe <strong>#Digital120</strong> beschäftigen sich spannende Fach- und Praxisvorträge mit dem vollautomatisierten Fahren.

<span style="color: var( --e-global-color-text ); font-family: var( --e-global-typography-text-font-family ), Sans-serif; font-size: var( --e-global-typography-text-font-size ); font-style: var( --e-global-typography-text-font-style ); letter-spacing: var( --e-global-typography-text-letter-spacing ); text-transform: var( --e-global-typography-text-text-transform ); text-decoration: var( --e-global-typography-text-text-decoration ); background-color: var( --e-global-color-8c64e01 );">In der Session &#8222;Best Practices&#8220; spricht unser Vorstand Dr. Udo Brockmeyer über fünf Herausforderungen auf dem Weg zur Zulassung von ADAS/AD-Systemen.</span>								</div>
				</div>
				<div class="elementor-element elementor-element-6e539d5 elementor-widget elementor-widget-text-editor" data-id="6e539d5" data-element_type="widget" data-widget_type="text-editor.default">
				<div class="elementor-widget-container">
									<div class="uncoltable"><div class="uncell no-block-padding"><div class="uncont"><div class="uncode_text_column"><h1>Agenda</h1><p><small>Moderation: Dr. Anna Meincke, Leiterin der Automotive Agentur Niedersachsen</small></p><p><strong>Begrüßung</strong><br /><em>Dr. Berend Lindner, Staatssekretär Niedersächsisches Ministerium für Wirtschaft, Arbeit, Verkehr und Digitalisierung<br />Dr. Thomas Schulmeyer, Vorsitzender der Geschäftsführung Innovationszentrum Niedersachsen GmbH</em></p><p><strong>Autonomes Fahren Level 4 – Der gesetzliche/technische Rahmen</strong><br /><em>Stephan Liening, Referatsleiter Bundesministerium für Digitalisierung und Verkehr (BMDV), Referat DK 20 – Digitalisierung in der Mobilität, Autonomes Fahren, Intelligente Verkehrssysteme</em></p><p><strong>Automatisiertes Fahren – Der Weg zu L4</strong><br /><em>Dr. Ing Adrian Sonka, Niedersächsisches Forschungszentrum für Fahrzeugtechnik (NFF)</em></p><p><strong>Reallabor Automatisiertes Fahren für die Digitale Stadt (Testfeld Niedersachsen)</strong><br /><em>Dipl.-Ing. Lennart Asbach, Abteilungsleiter Deutsches Zentrum für Luft und Raumfahrt (DLR) Institut für Verkehrssystemtechnik</em></p><p><strong>Flankierende Netzwerkarbeit</strong><br /><em>Thomas Krause, Vorstandsvorsitzender ITS Mobility e.V.</em></p><p><strong>Best Practice Beispiele zum Autonomen Fahren</strong></p><p><strong>Resümee und Verabschiedung</strong><br /><em>Dr. Anna Meincke, Leiterin der Automotive Agentur Niedersachsen</em></p></div></div></div></div>								</div>
				</div>
				<div class="elementor-element elementor-element-ca8040e elementor-align-left elementor-widget elementor-widget-button" data-id="ca8040e" data-element_type="widget" data-widget_type="button.default">
				<div class="elementor-widget-container">
									<div class="elementor-button-wrapper">
					<a class="elementor-button elementor-button-link elementor-size-xs elementor-animation-sink" href="https://automotive.nds.de/digital120/" target="_blank" rel="noopener">
						<span class="elementor-button-content-wrapper">
						<span class="elementor-button-icon">
				<svg xmlns="http://www.w3.org/2000/svg" xmlns:xlink="http://www.w3.org/1999/xlink" width="45px" height="45px" viewBox="0 0 45 45"><title>Group 6</title><g id="Page-1-Copy" stroke="none" stroke-width="1" fill="none" fill-rule="evenodd"><g id="Start" transform="translate(-337.000000, -964.000000)"><g id="Group-6" transform="translate(337.000000, 964.000000)"><circle id="Oval" fill="#38C99E" cx="22.5" cy="22.5" r="22.5"></circle><g id="next" transform="translate(19.000000, 17.000000)" fill="#FFFFFF" fill-rule="nonzero"><path d="M6.85231276,5.67070308 L0.857334624,0.135700092 C0.660916158,-0.0455414255 0.342910131,-0.0452367391 0.146820759,0.136637589 C-0.0491167226,0.318488479 -0.0486104242,0.613073328 0.147833356,0.79445547 L5.78597237,6.00002217 L0.147630837,11.2055654 C-0.0487876286,11.386971 -0.049293927,11.6813684 0.14661824,11.8632427 C0.244916075,11.9544142 0.373693074,12 0.502470073,12 C0.630917978,12 0.759188678,11.9547189 0.857309309,11.8641802 L6.85231276,6.32931783 C6.94691461,6.24217753 7,6.12358422 7,6.00002217 C7,5.87646013 6.94676272,5.75800744 6.85231276,5.67070308 Z" id="Path"></path></g></g></g></g></svg>			</span>
									<span class="elementor-button-text">Event Webseite</span>
					</span>
					</a>
				</div>
								</div>
				</div>
					</div>
		</div>
					</div>
		</section>
				</div>

<p>In der Session &#8222;Best Practices&#8220; spricht unser Vorstand Dr. Udo Brockmeyer über fünf Herausforderungen auf dem Weg zur Zulassung von ADAS/AD-Systemen.</p>
